3. What is c(-16)?
-3
Let k(a) = -81*a**2 - 3*a + 1. Determine k(1).
-83
Let v(m) = -5*m - 1. Determine v(-6).
29
Let o(t) = t**2 - 10*t + 20. Determine o(4).
-4
Let f(x) = -20*x**2 - 4*x. What is f(2)?
-88
Let p(i) = -i**2 - 4*i + 40. What is p(-7)?
19
Let z(c) = -c**3 - 5*c**2 - 4*c - 10. Determine z(-4).
-10
Let s(j) = 3*j**2 + 19*j - 14. Give s(-6).
-20
Let i(u) = -u**2 - 9*u + 8. Calculate i(1).
-2
Let y(w) = -2*w**3 + 6*w**2 + 4. Give y(3).
4
Let s(f) = f**2 - 8*f - 1. Determine s(8).
-1
Let j(s) = s**3 + 17*s**2 + 12*s - 21. What is j(-16)?
43
Let t(w) = w**3 - 4*w**2 - 8*w + 6. Calculate t(5).
-9
Let u(v) = -2*v**2 + 12*v + 12. Give u(7).
-2
Let p(b) = b**3 - 4*b**2 + 2*b - 6. Give p(4).
2
Let t(h) = -10*h + 4. Determine t(1).
-6
Let r(i) = -i**3 + 7*i**2 + 25*i + 49. Calculate r(10).
-1
Let k(m) = m**2 - m - 19. Give k(0).
-19
Let m(c) = c**2 + 13*c + 7. Give m(-12).
-5
Let p(r) = -5*r + 2. Determine p(-3).
17
Let q(k) = -85*k - 255. What is q(-3)?
0
Let d(p) = p**2 + 54*p + 104. What is d(-52)?
0
Let p(d) = 2*d**2 + 8*d + 15. What is p(-2)?
7
Let a(f) = -7*f**2 - 29*f - 10. Give a(-4).
-6
Let p(u) = u**3 + u**2 - 14*u - 2. Determine p(-4).
6
Let a(y) = y**3 - 3*y - 2. Determine a(-2).
-4
Let g(p) = 13*p**2 + 19*p - 11. Determine g(-2).
3
Let a(k) = k**3 - 13*k**2 + 38*k. Give a(9).
18
Let a(u) = -3*u**2 + 19*u - 9. Calculate a(8).
-49
Let g(t) = -3*t**2 - 4*t - 2. Determine g(-2).
-6
Let v(g) = -g - 2. Calculate v(6).
-8
Let g(u) = -3*u**3 - 3*u**2 + 5*u + 4. Calculate g(-2).
6
Let p(j) = -j**3 - 21*j**2 + 46*j - 30. Determine p(-23).
-30
Let d(r) = -r**2 + 12*r - 19. What is d(10)?
1
Let j(t) = t**3 + 26*t**2 + 27*t + 59. Calculate j(-25).
9
Let l(f) = -2*f**2 + 2*f + 2. Give l(-2).
-10
Let j(q) = 4*q + 1. Give j(1).
5
Let l(m) = -m**2 - 18*m - 30. What is l(-13)?
35
Let r(p) = -24*p + 91. Give r(4).
-5
Let a(o) = 3*o + 4. Determine a(2).
10
Let w(p) = -p**2 - 2*p - 1. Give w(-3).
-4
Let s(g) = 2*g**2 - 11*g + 6. Give s(4).
-6
Let y(x) = -6*x + 13. Determine y(6).
-23
Let q(w) = 27*w - 60. Calculate q(3).
21
Let i(s) = -4*s - 132. What is i(-34)?
4
Let o(i) = -48*i + 286. Calculate o(6).
-2
Let h(m) = -m**2 - 11*m - 32. Determine h(-6).
-2
Let n(a) = -a**2 - 16*a + 37. What is n(-18)?
1
Let x(k) = k**3 + 4*k**2 - 3*k - 8. Give x(-4).
4
Let v(p) = -5*p - 119. What is v(-21)?
-14
Let f(w) = w**3 - 8*w**2 - 10*w + 15. What is f(9)?
6
Let u(v) = -v**2 + v - 7. Determine u(0).
-7
Let l(v) = v**2 + 4*v - 4. Determine l(-4).
-4
Let i(s) = 2*s**3 + 9*s**2 + 7*s + 3. Give i(-3).
9
Let n(i) = -i + 13. Determine n(9).
4
Let w(t) = -24*t - 17. Determine w(4).
-113
Let b(a) = -2*a + 1. What is b(-7)?
15
Let t(z) = 13*z - 18. Calculate t(-3).
-57
Let v(k) = -k**3 + 6*k**2 - 4*k - 11. What is v(5)?
-6
Let n(g) = g**3 + 6*g**2 + 6*g + 2. Calculate n(-5).
-3
Let m(u) = u**3 - 5*u**2 - 5*u + 8. What is m(6)?
14
Let m(d) = d**2 - 10*d + 22. What is m(9)?
13
Let v(t) = -5*t + 111. Give v(22).
1
Let v(w) = -w**3 - 6*w**2 - 8*w - 21. Calculate v(-5).
-6
Let p(z) = z**3 - 120*z + 7. Calculate p(-11).
-4
Let v(c) = c**2 + 16*c - 15. Give v(-17).
2
Let m(g) = -49*g**2 - 5*g - 2. Give m(-1).
-46
Let k(u) = -u**2 + 8*u + 12. Give k(10).
-8
Let m(f) = 6*f + 10. Determine m(-6).
-26
Let g(q) = -q**3 - q**2 + 3*q - 1. Determine g(-3).
8
Let y(i) = -i**2 + 7*i - 11. Calculate y(6).
-5
Let u(f) = -f**2 - 3*f + 5. Give u(-5).
-5
Let n(g) = -g**2 - 26*g + 401. What is n(-37)?
-6
Let b(h) = h**3 - 5*h**2 + 8*h + 6. Determine b(5).
46
Let s(o) = -11*o + 1. Determine s(1).
-10
Let v(c) = c - 30. Calculate v(20).
-10
Let n(u) = 2*u**3 - u**2 + u - 1. Give n(-2).
-23
Let t(w) = -2*w**2 + 15*w + 6. Calculate t(7).
13
Let r(z) = 3*z + 12. What is r(-8)?
-12
Let a(f) = 2*f**2 - 21*f - 13. Determine a(11).
-2
Let i(b) = 11*b + 42. Give i(-5).
-13
Let o(q) = -8*q + 12. Calculate o(-16).
140
Let u(r) = 4*r**2 - 5*r - 19. Determine u(-2).
7
Let o(f) = -f**2 - 63*f - 126. What is o(-61)?
-4
Let h(f) = -f**3 + 2*f**2 + 3*f - 5. What is h(4)?
-25
Let q(s) = 3*s**2 - 35*s. Determine q(12).
12
Let b(d) = 8*d**2 - 6*d - 7. Determine b(4).
97
Let k(s) = 4*s**3 - 33*s**2 - 29*s + 13. Determine k(9).
-5
Let j(n) = n**3 - 2*n**2 - 11*n + 9. Determine j(4).
-3
Let b(c) = 14*c**2 - 8*c - 9. Calculate b(-1).
13
Let z(v) = v**3 - 9*v**2 + 14*v - 6. What is z(6)?
-30
Let q(z) = -26*z + 5. Calculate q(-4).
109
Let p(o) = -2*o**3 - 17*o**2 - 35*o - 3. Determine p(-4).
-7
Let w(d) = -2*d**2 + 4*d + 6. Calculate w(-4).
-42
Let v(q) = -q**3 + q**2 - q + 51. Give v(0).
51
Let w(c) = 3*c**3 + 7*c**2 + 5*c + 8. Give w(-3).
-25
Let j(i) = 7*i + 33. What is j(-6)?
-9
Let l(r) = -5*r - 40. Determine l(-6).
-10
Let f(k) = 17*k - 101. Give f(5).
-16
Let j(y) = -7*y - 60. What is j(-10)?
10
Let j(w) = w**3 + 5*w**2 - w - 20. What is j(0)?
-20
Let i(v) = -v**3 - 2*v. Calculate i(-2).
12
Let k(j) = j**3 + 4*j**2 - 11*j - 4. Give k(-7).
-74
Let i(o) = 6*o - 297. Determine i(47).
-15
Let q(a) = 12*a**2 - 110*a + 19. What is q(9)?
1
Let l(s) = -s**3 + 5*s**2 - 5*s - 1. Determine l(4).
-5
Let t(a) = 6*a + 3. Calculate t(-3).
-15
Let t(j) = j**2 + 3*j + 5. Calculate t(-2).
3
Let d(n) = -n - 14. Determine d(-6).
-8
Let p(q) = 14*q + 44. Calculate p(-4).
-12
Let z(s) = -s**3 - 9*s**2 + 9*s. Give z(-10).
10
Let b(k) = 2*k + 52. Determine b(-28).
-4
Let o(n) = -22*n**3 - n**2 + 1. Calculate o(-1).
22
Let c(s) = s**3 - 5*s**2 - 5*s - 3. What is c(6)?
3
Let g(d) = 2*d**2 + 32*d + 36. What is g(-15)?
6
Let j(x) = 13*x + 9. Give j(6).
87
Let f(h) = h**3 + 3*h**2 + h - 3. Calculate f(-3).
-6
Let z(g) = g**3 + 13*g**2 + 3*g + 28. What is z(-13)?
-11
Let b(a) = a**2 - 3*a + 1. Give b(2).
-1
Let b(n) = n**2 - 3*n - 16. What is b(5)?
-6
Let j(q) = -q**2 + 24*q - 4. What is j(24)?
-4
Let j(b) = -2*b**2 - 8*b - 4. Give j(-7).
-46
Let w(d) = -d**3 + 7*d**2 - 7*d - 10. What is w(6)?
-16
Let o(d) = -11*d - 161. Calculate o(-16).
15
Let d(x) = -x**3 - 9*x**2 - 13*x + 12. Calculate d(-6).
-18
Let n(s) = s**2 - 7*s + 12. Calculate n(2).
2
Let x(r) = 6*r**2 - 16*r - 7. Give x(3).
-1
Let i(p) = p**3 - 12*p**2 + 8*p + 14. Calculate i(11).
-19
Let c(p) = -p**2 - 20*p + 48. Determine c(-23).
-21
Let v(h) = -27*h - 8. Give v(1).
-35
Let b(t) = -5*t + 2. What is b(2)?
-8
Let y(u) = u**2 + 2*u - 2. Determine y(-3).
1
Let a(c) = -c**2 - 4*c. Calculate a(0).
0
Let f(l) = l**2 + 22*l + 80. Give f(-18).
8
Let x(p) = -5*p**2 + 3*p - 1. What is x(3)?
-37
Let a(o) = -3*o**2 + 6*o + 7. Calculate a(5).
-38
Let k(p) = 7*p + 71. Determine k(-10).
1
Let h(j) = j**3 + 13*j**2 + 10*j + 22. Give h(-12).
46
Let t(i) = i**2 - 10*i + 5. Calculate t(10).
5
Let q(j) = -j**2 + 6*j - 7. Calculate q(2).
1
Let q(i) = 43*i**3 + i**2 + i + 1. What is q(-1)?
-42
Let l(o) = -o**2 - 19*o + 99. What is l(-24)?
-21
Let h(c) = c**3 + 7*c**2 - 17*c + 1. Give h(-9).
-8
Let m(l) = 3*l**2 + 20*l - 2. Determine m(-7).
5
Let c(d) = -3*d**2 - d - 1. Determine c(-3).
-25
Let n(o) = 3*o. Determine n(1).
3
Let c(a) = -a - 3. What is c(-4)?
1
Let g(f) = 7*f - 72. Determine g(9).
-9
Let p(h) = h**2 + 13*h + 25. Calculate p(-11).
3
Let b(u) = u**2 - u - 52. Determine b(0).
-52
Let x(q) = q**2 - 13*q + 37. Determine x(10).
7
Let k(p) = -4*p**2 - 21*p - 6. Give k(-5).
-1
Let m(q) = -6*q + 49. What is m(20)?
-71
Let l(g) = g**3 + 5*g**2 - 2*g - 6. What is l(-7)?
-90
Let a(g) = -13*g**2 + 3*g + 3. Determine a(-1).
-13
Let h(d) = -12*d + 9. Give h(2).
-15
Let u(z) = -3*z - 17. Calculate u(-5).
-2
Let a(s) = 24*s**3 + 2*s**2 + s. Give a(-1).
-23
Let n(f) = f**3 + 11*f**2 + 5*f - 2. Determine n(-9).
115
Let u(k) = k**2 - 17*k - 10. Calculate u(16).
-26
Let v(o) = -o**2 - o + 25. Give v(-6).
-5
Let a(x) = x**3 - 5*x**2 - 3*x - 14. Calculate a(6).
4
Let s(c) = -c**3 - 10*c**2 + 24*c - 5. Calculate s(-12).
-5
Let t(m) = -2*m + 8. What is t(5)?
-2
Let o(l) = 2*l**3 + 8*l**2 - 3*l + 8. Determine o(-5).
-27
Let z(b) = b**3 + 30*b**2 + 56*b - 19. Give z(-28).
-19
Let t(r) = 3*r**2 + 12*r + 15. Determine t(-1).
6
Let d(f) = 74*f**2 + 3*f + 2. Give d(-1).
73
Let m(f) = f**2 - 23*f + 80. What is m(4)?
4
Let g(h) = h**2 - 13*h - 6. Calculate g(16).
42
Let k(s) = 28*s - 199. Calculate k(7).
-3
Let w(x) = 2*x**2 - 6*x + 3. Calculate w(6).
39
Let d(b) = b**2 + 8*b - 1. What is d(-6)?
-13
Let b(p) = -2